et u(i) = i**2 + 5*i. Calculate u(0).
0
Let l(z) = -z**2 - 6*z + 7. Determine l(-5).
12
Let d(a) = -6*a**3 - 2*a**2 - 7*a - 3. Calculate d(-2).
51
Let o(r) = -3*r - 38. Calculate o(-11).
-5
Let k(u) = 5*u - 14. Give k(7).
21
Let p(s) = s**2 + 23*s + 98. Give p(-6).
-4
Let m(l) = 3*l - 15. What is m(-7)?
-36
Let b(m) = m**2 + 3. Calculate b(0).
3
Let c(u) = 4*u + 38. Determine c(-10).
-2
Let y(h) = h**3 + 19*h**2 + 33*h + 8. Calculate y(-17).
25
Let j(u) = -14*u**2 - 2*u + 6. Calculate j(-3).
-114
Let f(z) = 22*z - 1. Determine f(1).
21
Let x(f) = -7*f + 7. What is x(4)?
-21
Let n(o) = o**3 - 6*o**2 - o + 7. Determine n(6).
1
Let k(y) = y**3 + 4*y**2 - 5*y - 3. Determine k(-3).
21
Let x(w) = -4*w + 5. What is x(6)?
-19
Let s(o) = o**3 - 15*o**2 + 34*o + 111. Give s(11).
1
Let d(a) = -6*a + 6. What is d(2)?
-6
Let b(o) = -2*o**2 - 29*o - 89. What is b(-10)?
1
Let i(g) = 58*g + 229. What is i(-5)?
-61
Let j(x) = -x - 6. What is j(2)?
-8
Let d(k) = k**3 - k**2 - k + 6. What is d(-2)?
-4
Let y(k) = k**3 + k + 14. Determine y(0).
14
Let n(i) = i**3 - 59*i**2 + 168*i + 8. Calculate n(56).
8
Let p(i) = -3*i - 11. Calculate p(0).
-11
Let p(l) = 2*l**3 - 18*l**2 - 18*l - 16. Determine p(10).
4
Let n(k) = -14*k + 115. What is n(8)?
3
Let d(s) = -5*s - 108. Give d(-34).
62
Let a(l) = 37*l**2 + 4*l - 1. Determine a(1).
40
Let q(l) = l**3 + 2*l**2 + 20*l + 61. What is q(-3)?
-8
Let a(m) = m**3 + 4*m**2 - 4*m + 8. Give a(-5).
3
Let l(i) = i**2 - 20*i + 42. Calculate l(18).
6
Let c(h) = 3*h + 139. Determine c(-48).
-5
Let g(b) = -2*b**3 + 54*b**2 - 7. Give g(27).
-7
Let w(j) = j**2 - 15*j + 18. What is w(14)?
4
Let c(s) = s**2 + 17*s - 96. What is c(-27)?
174
Let i(m) = -m - 8. Give i(-5).
-3
Let a(j) = -j**3 + 5*j**2 + 3*j - 9. Determine a(6).
-27
Let i(h) = 2*h**2 + 24*h + 4. Give i(-10).
-36
Let j(h) = 2*h**2 - h + 2. Give j(2).
8
Let h(j) = j**2 + j - 2. Determine h(0).
-2
Let g(y) = -y**2 - 12*y - 45. Give g(-8).
-13
Let a(s) = -s**2 + 25*s + 46. Give a(27).
-8
Let d(p) = 3*p**3 - 2*p + 3. Calculate d(2).
23
Let s(d) = 29*d + 6. Determine s(-2).
-52
Let h(s) = s**3 + 17*s**2 - 38*s + 7. Calculate h(-19).
7
Let v(r) = 5*r - 40. Determine v(12).
20
Let i(j) = -60*j + 25. Determine i(3).
-155
Let a(w) = -8*w - 7. Determine a(-1).
1
Let n(a) = a**3 + 15*a**2 + 15*a + 15. Determine n(-14).
1
Let y(w) = 6*w**3 + 3*w**2 - 3*w - 1. What is y(1)?
5
Let x(m) = 11*m**2 - m - 2. What is x(2)?
40
Let c(n) = -n**3 + 7*n**2 - 4*n - 22. Give c(5).
8
Let p(v) = v**2 + 11*v + 18. Determine p(-8).
-6
Let n(g) = 7*g**2 + 174*g - 31. What is n(-25)?
-6
Let m(o) = o**2 - 28*o - 33. Determine m(29).
-4
Let g(r) = 24*r**2 - 96*r + 3. Calculate g(4).
3
Let c(b) = b**3 - 49*b**2 + 52*b - 187. Determine c(48).
5
Let g(k) = -k**3 + 7*k**2 - k + 1. What is g(7)?
-6
Let b(k) = -6*k**3 - 98*k**2 - 32*k + 7. Determine b(-16).
7
Let z(u) = u**3 - 5*u**2 - 2*u + 9. Calculate z(5).
-1
Let w(r) = r**3 - 6*r**2 - 7*r - 11. Give w(8).
61
Let p(v) = v**3 + 20*v**2 + 43*v + 123. What is p(-18)?
-3
Let h(a) = a**2 + 27*a + 5. What is h(-17)?
-165
Let h(r) = -5*r**3 - 2*r**2 + 3*r + 2. What is h(-2)?
28
Let g(t) = 22*t - 107. What is g(4)?
-19
Let o(t) = -t**3 + 10*t**2 - 2*t + 1. Calculate o(10).
-19
Let v(j) = j**2 - 2*j - 3. Calculate v(2).
-3
Let c(r) = r**2 - 29*r - 76. Determine c(31).
-14
Let g(u) = u**3 - 7*u**2 - 6*u - 6. Determine g(8).
10
Let i(s) = -s + 19. Give i(4).
15
Let h(x) = x + 7. What is h(3)?
10
Let z(a) = -9*a**2. Determine z(-1).
-9
Let a(i) = 3*i**2 - 13*i + 4. Give a(4).
0
Let f(w) = w**3 - 12*w**2 + 9*w - 13. Calculate f(11).
-35
Let k(b) = -8*b**3 - b**2 - b + 7. What is k(0)?
7
Let q(w) = -32*w + 67. Give q(3).
-29
Let n(f) = -2*f**2 - 18*f - 4. Determine n(-8).
12
Let h(o) = -o**2 - 6*o - 7. Give h(-8).
-23
Let u(f) = f**2 - 3*f - 7. Give u(5).
3
Let o(r) = -3*r - 14. What is o(-6)?
4
Let m(a) = -66*a - 1. Determine m(1).
-67
Let i(n) = 4*n + 1. What is i(-6)?
-23
Let n(x) = 5*x**2 + 3*x - 4. Give n(4).
88
Let a(y) = -y + 10. Calculate a(0).
10
Let x(m) = m**2 + 15*m + 10. Give x(-8).
-46
Let r(l) = -11*l - 78. What is r(-8)?
10
Let d(m) = m**3 - 5*m**2 + 3*m + 4. Give d(4).
0
Let n(r) = -r**2 - 16*r - 25. Calculate n(-14).
3
Let t(c) = 8*c - 23. Calculate t(5).
17
Let w(j) = -j**3 + 14*j**2 + 15*j + 2. Give w(15).
2
Let c(u) = u**3 - 13*u**2 + u - 12. Determine c(13).
1
Let p(k) = -5*k + 18. What is p(3)?
3
Let t(p) = p**2 - 4*p. Determine t(3).
-3
Let v(o) = o**3 + 8*o**2 + 4*o - 9. Determine v(-7).
12
Let f(y) = -y**3 + 5*y**2 - 8*y + 12. What is f(3)?
6
Let t(w) = -w**3 - 43*w**2 - 86*w - 153. Calculate t(-41).
11
Let m(o) = -3*o**3 - 5*o**2 - 11*o - 12. Calculate m(-2).
14
Let l(o) = o**2 + 3*o + 5. Calculate l(-6).
23
Let f(s) = -s**2 - 21*s - 32. Calculate f(-18).
22
Let y(m) = m**3 - 8*m**2 - 4*m + 22. Give y(9).
67
Let x(r) = -r**2 - 7*r + 5. Determine x(-7).
5
Let f(q) = -3*q**2 + 3*q. What is f(-1)?
-6
Let x(k) = -18*k - 29. Determine x(-3).
25
Let h(q) = q**2 - 4*q - 12. What is h(-3)?
9
Let v(n) = -n**2 - n + 3. Calculate v(6).
-39
Let c(i) = -4*i**3 + 4*i**2 + 4*i - 1. Calculate c(4).
-177
Let w(h) = -h**2 - 24*h - 13. Determine w(-22).
31
Let o(c) = 8*c + 144. Determine o(-17).
8
Let u(j) = -j**3 - j**2 - 7*j + 6. Calculate u(4).
-102
Let s(g) = g**2 + 10*g - 125. Determine s(-17).
-6
Let i(w) = w**2 - 12*w + 13. Give i(6).
-23
Let l(a) = -a**2 + 46*a - 518. Calculate l(27).
-5
Let k(f) = 3*f - 6. What is k(3)?
3
Let j(w) = -w**2 - w + 1. Determine j(1).
-1
Let i(u) = -u**2 + 8. Give i(0).
8
Let m(k) = -k**3 + 5*k**2 - 2*k - 4. Calculate m(4).
4
Let y(p) = p**3 + 17*p**2 + 17*p + 25. Give y(-16).
9
Let y(j) = -j**3 - 18*j**2 - 46*j - 22. Give y(-15).
-7
Let v(s) = -18*s + 426. Determine v(24).
-6
Let j(l) = 22*l + 87. Determine j(-4).
-1
Let b(f) = 14*f + 58. What is b(-7)?
-40
Let x(c) = c - 2. Give x(6).
4
Let d(v) = v**3 - 11*v - 7. Calculate d(-4).
-27
Let z(y) = -10*y + 122. Calculate z(6).
62
Let c(x) = -x**3 + 5*x**2 + 4*x - 9. Give c(5).
11
Let z(u) = u**3 - 5*u**2 + u - 12. What is z(4)?
-24
Let n(a) = 5*a - 10. Determine n(9).
35
Let q(i) = i**3 + 4*i**2 + 4*i - 7. Determine q(-4).
-23
Let z(d) = 22*d**3 + 2*d**2 - 1. Give z(-1).
-21
Let w(b) = -2*b**2 + 50*b + 50. Give w(26).
-2
Let k(q) = -2*q**2 + 8*q + 1. What is k(4)?
1
Let h(d) = d**3 + 3*d**2 - 10*d - 4. What is h(-5)?
-4
Let q(b) = -b**2 + 11*b - 39. Give q(8).
-15
Let d(n) = 2*n**3 - 12*n**2 - 5*n - 9. Determine d(6).
-39
Let u(c) = 12*c**3 - c + 1. Determine u(1).
12
Let j(x) = x**2 - 3*x + 85. Give j(0).
85
Let m(s) = -s**3 - 15*s**2 - s - 49. Give m(-15).
-34
Let g(h) = -65*h + 4. Give g(-2).
134
Let g(a) = -2*a - 18. Give g(3).
-24
Let i(f) = -8*f**3 + 4*f + 3. What is i(-1)?
7
Let m(g) = -3*g**2 - 43*g - 11. Calculate m(-13).
41
Let u(m) = -m**3 + m**2 - 3*m. Determine u(0).
0
Let p(m) = m**3 + 8*m**2 + 9*m + 4. Calculate p(-4).
32
Let c(j) = j**3 - 10*j**2 - 9*j - 21. Determine c(11).
1
Let b(w) = -5*w + 22. Determine b(3).
7
Let d(l) = -4*l + 30. Give d(7).
2
Let j(g) = 26*g - 102. Calculate j(4).
2
Let i(o) = 3*o**2 - 9*o + 14. Calculate i(4).
26
Let c(t) = t**3 - 7*t**2 - 16*t - 23. Determine c(9).
-5
Let h(a) = -4*a**2 - 4*a. Give h(-2).
-8
Let d(h) = -7*h**2 - 8*h + 8. What is d(1)?
-7
Let b(v) = 7*v**2 - 6*v + 10. Determine b(2).
26
Let q(m) = -m**3 + 9*m**2 - 7*m - 10. Determine q(7).
39
Let t(d) = 2*d**2 + 41*d + 26. Calculate t(-19).
-31
Let r(t) = -t**2 + 6*t + 4. What is r(7)?
-3
Let m(o) = o**3 + 4*o**2 - 2*o + 9. Determine m(-5).
-6
Let q(a) = -20*a + 2. Calculate q(-2).
42
Let n(s) = s**3 - 19*s**2 - 8*s + 101. What is n(19)?
-51
Let m(g) = -g**2 + g - 13. Calculate m(6).
-43
Let l(o) = -o + 12. Give l(16).
-4
Let f(q) = -q**3 + 6*q**2 - 5*q + 32. Give f(6).
2
Let a(j) = -j**3 + 2*j**2 + 3*j + 3. Determine a(-2).
13
Let o(q) = 6*q - 12. Determine o(0).
-12
Let h(r) = -r**3 + 4*r**2 + 9*r + 13. What is h(6)?
-5
Let w(d) = -3*d**2 + 4*d + 1. Calculate w(3).
-14
Let r(i) = -i**2 - i - 1. What is r(-4)?
-13
Let p(s) = -2*s**2 + 3*s + 2. What is p(3)?
-7
Let t(o) = -o**3 + 6*o**2 + 2*o + 24. What is t(8)?
-88
Let v(h) = 2*h**3 + 13*h**2 + 8*h + 13. Give v(-6).
1
Let t(f) = -3*f + 15. What is t(11)?
-18
Let b(i) = -2*i**3 - 10*i**2 - 6*i - 9. Determine b(-4).
-17
